greatest common factor of 618 and 1175539?
103
Calculate the greatest common divisor of 4610 and 10.
10
Calculate the highest common factor of 21700 and 19096.
868
What is the greatest common divisor of 8412 and 96?
12
Calculate the greatest common factor of 88 and 1489928.
88
Calculate the greatest common divisor of 1353 and 16811025.
1353
What is the greatest common factor of 13752 and 216?
72
Calculate the highest common divisor of 1045 and 41382.
209
What is the greatest common factor of 179073 and 288?
9
What is the highest common divisor of 12137 and 53?
53
What is the highest common factor of 1253 and 22733?
179
What is the greatest common factor of 718676 and 224?
28
What is the greatest common divisor of 1258485 and 30?
15
What is the highest common factor of 67656 and 648?
24
What is the highest common factor of 2456830 and 10?
10
Calculate the highest common divisor of 1796488 and 1520.
152
Calculate the greatest common divisor of 21402 and 434682.
738
Calculate the greatest common divisor of 12 and 164.
4
What is the highest common factor of 2639 and 15631?
203
Calculate the highest common factor of 3888 and 1267974.
486
Calculate the highest common factor of 14323 and 32.
1
Calculate the highest common factor of 19 and 263701.
19
Calculate the highest common divisor of 39744 and 12972.
276
What is the highest common divisor of 17 and 76330?
17
What is the greatest common factor of 5405 and 621?
23
What is the greatest common divisor of 424 and 5777?
53
Calculate the highest common divisor of 13603 and 4453.
61
What is the highest common factor of 41356 and 1764?
196
What is the greatest common factor of 462 and 5478?
66
What is the greatest common divisor of 18 and 8724?
6
What is the highest common divisor of 133152 and 864?
96
What is the highest common divisor of 9104 and 132?
4
What is the highest common factor of 549076 and 66?
22
What is the greatest common factor of 188370 and 5635?
805
Calculate the highest common factor of 24 and 18456.
24
What is the greatest common divisor of 4 and 586108?
4
Calculate the greatest common factor of 19203 and 8823.
519
What is the greatest common factor of 28692 and 108?
36
What is the greatest common factor of 1288 and 99624?
56
What is the highest common factor of 4360 and 140?
20
Calculate the highest common divisor of 35409 and 235422.
957
What is the highest common divisor of 252 and 197442?
126
Calculate the greatest common factor of 15 and 7563315.
15
What is the greatest common factor of 105693 and 4557?
147
What is the greatest common factor of 279 and 125109?
9
What is the greatest common factor of 450 and 19250?
50
What is the greatest common factor of 3780 and 31455?
135
What is the highest common divisor of 36 and 16839?
9
Calculate the greatest common divisor of 4627 and 21.
7
What is the greatest common divisor of 40 and 8376?
8
Calculate the greatest common divisor of 50600 and 50853.
253
What is the greatest common divisor of 65721 and 2679?
57
What is the highest common factor of 594167 and 28?
7
What is the greatest common divisor of 1180 and 7552?
236
What is the greatest common factor of 7953 and 1953787?
2651
Calculate the highest common factor of 95612 and 53.
53
What is the greatest common divisor of 46 and 131859?
23
Calculate the highest common factor of 1422168 and 22.
22
Calculate the highest common factor of 403005 and 335.
335
Calculate the greatest common factor of 34 and 304164.
34
What is the greatest common factor of 598765 and 3565?
155
What is the greatest common divisor of 9128 and 1640?
8
What is the greatest common divisor of 11400 and 14580?
60
Calculate the greatest common divisor of 9309 and 8025.
321
Calculate the greatest common factor of 2303 and 20188.
49
What is the highest common divisor of 93285 and 810?
135
Calculate the highest common divisor of 138791 and 47.
47
What is the greatest common divisor of 10 and 357575?
5
Calculate the highest common divisor of 142 and 219319.
71
What is the greatest common factor of 305 and 23119?
61
What is the greatest common divisor of 305264 and 16?
16
What is the highest common factor of 153936 and 1656?
72
Calculate the greatest common divisor of 4247 and 4.
1
What is the greatest common divisor of 6 and 3105006?
6
What is the highest common divisor of 32 and 17444?
4
Calculate the greatest common factor of 4872 and 175.
7
Calculate the greatest common divisor of 3270 and 22454.
218
What is the greatest common divisor of 1250 and 156750?
250
What is the greatest common factor of 693 and 43329?
33
What is the greatest common divisor of 131 and 143183?
131
Calculate the highest common divisor of 582 and 11931.
291
What is the highest common factor of 2 and 2602?
2
Calculate the highest common divisor of 1154 and 73.
1
What is the greatest common factor of 31201 and 41?
41
Calculate the highest common divisor of 254 and 423926.
254
Calculate the highest common factor of 1273 and 41875.
67
What is the highest common divisor of 1067 and 1570624?
1067
Calculate the greatest common factor of 933534 and 1395.
279
Calculate the greatest common divisor of 140190 and 15.
15
What is the highest common divisor of 159669 and 16956?
1413
What is the highest common factor of 649772 and 122?
122
Calculate the highest common factor of 954 and 850491.
477
Calculate the greatest common divisor of 60 and 330816.
12
Calculate the greatest common factor of 22354137 and 1633.
1633
What is the greatest common factor of 396 and 45133?
11
What is the greatest common divisor of 439764 and 78?
78
What is the highest common divisor of 63 and 64512?
63
Calculate the highest common factor of 64 and 2078.
2
Calculate the greatest common divisor of 99 and 923670.
99
What is the highest common factor of 84920 and 3300?
220
What is the greatest common divisor of 100 and 127220?
20
Calculate the highest common factor of 6758 and 69106.
218
What is the greatest common divisor of 746234 and 790?
158
What is the greatest common divisor of 1242 and 64469?
23
What is the highest common factor of 2959 and 267117?
269
What is the greatest common divisor of 433286 and 42?
14
Calculate the greatest common factor of 44 and 402248.
44
Calculate the highest common factor of 44901 and 648.
27
What is the highest common factor of 20224 and 512?
256
What is the highest common factor of 37002 and 42?
42
What is the greatest common divisor of 711 and 75609?
9
What is the highest common divisor of 825 and 2676135?
165
What is the highest common divisor of 5681 and 105547?
299
What is the greatest common divisor of 374318 and 14?
14
Calculate the highest common divisor of 3262 and 518.
14
Calculate the highest common divisor of 54 and 136386.
18
What is the highest common divisor of 5814 and 34?
34
Calculate the greatest common divisor of 486 and 41454.
18
What is the highest common factor of 329480 and 40?
40
Calculate the highest common factor of 172 and 15179.
43
What is the greatest common divisor of 48 and 43464?
24
What is the greatest common factor of 55 and 29117?
11
Calculate the highest common factor of 121600 and 50.
50
Calculate the greatest common factor of 3043 and 11917.
17
What is the highest common divisor of 124830 and 190?
190
What is the highest common factor of 68250 and 468?
78
What is the highest common factor of 205 and 26035?
205
What is the highest common divisor of 989702 and 196?
98
What is the highest common factor of 14337 and 729?
243
What is the greatest common factor of 272 and 83032?
8
Calculate the greatest common divisor of 30118 and 148.
74
Calculate the greatest common factor of 6592692 and 24.
12
Calculate the greatest common factor of 2491611 and 41.
41
What is the greatest common divisor of 161 and 59869?
23
What is the greatest common divisor of 8361 and 144?
9
What is the highest common factor of 2080 and 1760?
160
Calculate the highest common divisor of 1464 and 473787.
183
What is the greatest common divisor of 243 and 17604?
27
Calculate the greatest common factor of 84 and 35286.
6
What is the greatest common divisor of 223330 and 1035?
115
What is the highest common divisor of 19984 and 12?
4
What is the greatest common factor of 14986 and 508?
254
Calculate the highest common divisor of 22772 and 44.
4
W